m. List the prime factors of m.
3, 23
Let b be -5*(-12)/15 + (-31)/(-1). Suppose -3*s - s = 24. Let h = s + b. List the prime factors of h.
29
Let y be 33/4 + 13/(-52). Suppose 47 = b - y. List the prime factors of b.
5, 11
Let o(x) = 0*x**3 + 2*x - 33*x**3 - 3*x. Suppose -w + 17 = -2*w - 4*n, 3*w - 2*n - 5 = 0. What are the prime factors of o(w)?
2, 17
Let o be (1*(-4 - -3))/(-1 + 2). What are the prime factors of (4 + -3)*(135 + o)?
2, 67
Let g = -63 + -115. Let n = 267 + g. What are the prime factors of n?
89
Suppose 0 = -6*a - 11*a + 21641. List the prime factors of a.
19, 67
Let k(z) = 91*z**2 + z. Let a be (2/(-10) - 12/(-10))*-1. List the prime factors of k(a).
2, 3, 5
Let t(n) = 22*n - 77. List the prime factors of t(26).
3, 5, 11
Suppose w - m = 3, -m = -3*w - 5 + 16. Suppose -9*o + w*o = -5. Suppose -3*n + 10 = o. What are the prime factors of n?
3
Let w = 2370 - 332. What are the prime factors of w?
2, 1019
Suppose -4*q = 5*a - 17, -2*a + 16 = 4*q + 2. Suppose 0 = -0*s + q*s - 180. What are the prime factors of s?
2, 3, 5
Suppose j - 350*t + 354*t - 2637 = 0, t = -4*j + 10563. List the prime factors of j.
19, 139
Let a be -374*(3 + 9/(-2)). Let c = -274 + a. List the prime factors of c.
7, 41
Let b = 9 - 6. Let y be 35*3/((-15)/(-4)). Suppose b*a = 5*a + 4*h - y, a - 4 = 3*h. What are the prime factors of a?
2, 5
Let k(q) = q**3 - 2*q**2 - 2*q - 16. List the prime factors of k(7).
5, 43
Let q(c) = 17*c**2 + 6*c - 17. Let w(h) = -25*h**2 - 9*h + 26. Let z(a) = -7*q(a) - 5*w(a). List the prime factors of z(-5).
2, 31
What are the prime factors of (-1)/(3 + (-684)/680 - 2)?
2, 5, 17
Let s be (36/(-3))/(-2) + -3. Let d(i) = -3*i**2 - 1. Let r be d(s). What are the prime factors of (2 - (-3 - r))/(-1)?
23
List the prime factors of (-57)/38 - 3962/(-4).
23, 43
What are the prime factors of 35/10*-4*58/(-4)?
7, 29
Suppose 2*z - 216 - 94 = 0. Let d = z - -29. What are the prime factors of d?
2, 23
Let b = -354 + 639. What are the prime factors of b?
3, 5, 19
Let g = 731 + 78. What are the prime factors of g?
809
Let h(q) = q + 10. Let f be h(-3). Let t(k) = -k + 10. Let s be t(f). Suppose s*l - 137 = -50. List the prime factors of l.
29
Let t(g) = -49. Let p(y) = y - 1. Let k(o) = -p(o) - t(o). What are the prime factors of k(0)?
2, 5
Let p(h) = -h**3 + 9*h**2 + 24*h - 12. Let x be p(11). What are the prime factors of 1392/x - (-2)/(-10)?
139
Suppose 14*o - 6732 = -37*o. List the prime factors of o.
2, 3, 11
Let a be ((-46)/(-3))/((-8)/36). Let b = -176 + 60. Let m = a - b. List the prime factors of m.
47
Let r = 4 + -4. Suppose 5*w - w - 64 = r. Suppose 11*f + 105 = w*f. List the prime factors of f.
3, 7
Let z(c) = -c**2 - 8*c + 12. Let y = -18 - -9. Let i be z(y). Suppose -i*b = -7*b + 236. List the prime factors of b.
59
Suppose 5*g + 408 = -5*i + 3, -4*g - 160 = 2*i. Let p = 134 - 163. Let z = p - i. List the prime factors of z.
53
Let y(h) = 478*h - 81. What are the prime factors of y(1)?
397
What are the prime factors of 11 + ((-6)/(-6) - -3070)?
2, 23, 67
Let k(r) = -r**3 + 19*r**2 + 4*r - 108. List the prime factors of k(16).
2, 181
Let b(h) = -h**3 + 9*h**2 - 7*h + 2. Let p be b(7). Suppose -c - 20 = 16. Let j = p + c. List the prime factors of j.
3, 5
Let a(q) = -6*q - 15. Suppose -4*p = -p + 9. Let j be (-6)/(-1*(2 + p)). List the prime factors of a(j).
3, 7
Suppose -2323 = -5*h - 228. Let i = h + -294. List the prime factors of i.
5
Let z(u) = -169*u - 383. What are the prime factors of z(-9)?
2, 569
Let n(f) = -f - 7. Let q be n(3). List the prime factors of -5*-124*(-2)/q.
2, 31
Suppose -73*m + 40*m = -56661. What are the prime factors of m?
17, 101
Suppose -4*x - 930 = -5*x. List the prime factors of x.
2, 3, 5, 31
Let d = 1075 + -81. Let h be -2 - 2/((-4)/d). What are the prime factors of 6/(-8) + h/20?
2, 3
Suppose 0 = -3*c + c. Let k be (-1 + (-2)/(-4))*c. What are the prime factors of k + -1 + (-196)/(-7)?
3
Let m(y) = -y**2 - 14*y - 1. Suppose 2 + 2 = -u, 3*u = o - 20. Let d = -16 + o. List the prime factors of m(d).
47
Suppose 8 = 2*o, 0 = -0*y - 5*y + 4*o - 26. List the prime factors of -1 + 0 - y - -103.
2, 13
Suppose -5*c + c + 80 = 0. Let t = 24 - c. Suppose -2*z = y - 29, t*y - 5*z = y + 43. List the prime factors of y.
3, 7
Let r(u) = -5 - 2*u + 2 + 0 - 6. Let d be r(-6). Suppose -l = -g + 7, -19 = -g + 2*l + d*l. List the prime factors of g.
2
What are the prime factors of (100 + 2)*(-18424)/(-336)?
7, 17, 47
Let f(h) = 493*h - 4. List the prime factors of f(1).
3, 163
Let a = 11 + -9. Suppose -3*d = -y - 35, -a*d + 4*y = 3*d - 56. Let k(j) = -j**2 + 17*j - 15. List the prime factors of k(d).
3, 5
Suppose -2*u = -3*b + 541, b + 900 = 6*b - 3*u. List the prime factors of b.
3, 59
Suppose 128*b = 129*b - 534. What are the prime factors of b?
2, 3, 89
Suppose -5*y = -2*f - 753, 4*y = -4*f - f + 576. List the prime factors of y.
149
Let n(k) = -28*k + 6. Let a(d) = d**3 - 3. Let c be a(0). Let z be n(c). List the prime factors of ((-16)/(-10))/(3/z).
2, 3
Let p(v) = 5*v + 1. Let g = 18 + -12. Let l(y) = -3*y. Let k(i) = g*p(i) + 11*l(i). List the prime factors of k(-9).
3, 11
Let n(i) = -5*i**2 - i - 2. Let j be n(-1). List the prime factors of ((-1632)/(-30))/(j/(-15)).
2, 17
Suppose 0 = -3*u + w + 12, 0 = -u + 5*w + 7 - 17. Suppose -u*h + 25 = -60. List the prime factors of h.
17
Suppose 0 = -0*s + 2*s - 18. Let r be (-1 + 2)*s + -2. Suppose 2*p = 4*l - 42, -6*p - r = -l - 2*p. List the prime factors of l.
11
What are the prime factors of (-182)/4*(-572)/91?
2, 11, 13
What are the prime factors of (-2)/(2 + (-22824)/11406)?
1901
Let g(v) = 6*v**2 - 5*v + 19. List the prime factors of g(-8).
443
Let c(f) = f**2 - 8*f + 17. Let o be c(13). Let i = o - 27. What are the prime factors of i?
5, 11
Let w be ((-24)/15)/(2/15). Let f be (-4)/w - (-58)/6. Let d(u) = u**3 - 10*u**2 + 3*u + 4. What are the prime factors of d(f)?
2, 17
What are the prime factors of 8/32*-2 + 977/2?
2, 61
Let d = -1373 + 2163. List the prime factors of d.
2, 5, 79
Let n(s) = 3*s + 31. Let j be n(-15). What are the prime factors of (-6)/(-14) + (-279)/j*6?
2, 3, 5
Suppose 0*i = -2*i + 14. Suppose i*a + 138 = 9*a. What are the prime factors of a?
3, 23
Let t(l) be the third derivative of l**5/60 + l**4/8 + 13*l**3/6 - 43*l**2. List the prime factors of t(0).
13
Let l = 12 + -2. Let t(s) = s**3 + 14*s - 17*s - s**2 - 8 + l*s**2. What are the prime factors of t(-9)?
19
Let c = -328 + 1629. What are the prime factors of c?
1301
Let t(m) = 5*m**2 + 9*m + 7. List the prime factors of t(-11).
3, 19
Let c(b) = b**3 - 19*b**2 + 19*b - 16. Let l be c(18). What are the prime factors of ((-2)/((-8)/286))/(l/4)?
11, 13
Let j(q) = 52*q - 2. List the prime factors of j(13).
2, 337
Let l = -243 + 415. Suppose 3*m = 2*y + 188, -l + 54 = -2*m + 5*y. List the prime factors of m.
2
Suppose -368 = -a - 0*a. Suppose -32*d + 28*d = -a. List the prime factors of d.
2, 23
Suppose n - 3*r - 269 = 0, -n - 527 = -3*n - 5*r. List the prime factors of n.
2, 7, 19
Suppose -4*w - 6640 = -5*a - 2251, -4413 = -5*a - 2*w. What are the prime factors of a?
881
Suppose -5*x + 10 + 5 = 0. Suppose 0 = -x*s - s + 196. What are the prime factors of s?
7
Let p = -24722 + 17221. Let r be p/52 - (-2)/8. What are the prime factors of (r/8)/((-2)/3)?
3
Let c be (-1)/((3 + -4)/139). Suppose -t - 326 = -5*m, 2*m + 11 = -2*t + c. What are the prime factors of m?
5, 13
Let m(o) = 2*o**2 + 39*o - 39. Let k(p) = -p**2 - 13*p + 13. Let q(c) = -11*k(c) - 4*m(c). List the prime factors of q(8).
101
Suppose -4*i - 3*c + 997 = 0, 0 = 3*i - 0*c - 5*c - 726. Suppose -i = -18*y + 293. What are the prime factors of y?
2, 3, 5
Let z(v) = -4*v**3 + 13*v**2 + 10*v + 1. What are the prime factors of z(3)?
2, 5
Let p(v) = 40*v + 136. Let u(b) = -20*b - 68. Let a(n) = -3*p(n) - 5*u(n). List the prime factors of a(-15).
2, 29
Suppose 9*j + 1470 = 10*j - 2*a, -2945 = -2*j + 3*a. List the prime factors of j.
2, 5, 37
Suppose 110736 = 63*g + 9*g. What are the prime factors of g?
2, 769
Let v(c) = 9*c**2 - c - 7. Let w be v(4). Suppose 13*r - 12*r = w. List the prime factors of r.
7, 19
Let i(n) = -16 + 7*n**3 + 10 + 6*n - 3*n**2 - 3*n**3 - 5*n**2. List the prime factors of i(5).
2, 3
Let b(d) = 6*d**2 - 5*d + 3 